= -52. Let h = 175 - 112. Calculate the remainder when h is divided by k.
11
Suppose -l - 4*l + 30 = 0. What is the remainder when 16 is divided by l?
4
Let s be -2*(-6)/(-8)*-12. Let o = 1 + s. What is the remainder when o is divided by 7?
5
Calculate the remainder when (-5)/(15/(-408)) + -4 is divided by 45.
42
Let c(w) = 3*w**2 - 3. Let v = -3 + 6. What is the remainder when c(v) is divided by 13?
11
Suppose 4*j - 12 = 2*n, 0 = 7*n - 2*n + 5*j - 45. Suppose 0 = 5*m - n*c - 26, 4*m - 2*m + 8 = -3*c. What is the remainder when 8 is divided by m?
0
Let z(i) = -i - 2. Suppose -3*g + 6*g - 9 = 0. Calculate the remainder when z(-7) is divided by g.
2
Let c(f) = -f**3 - 8*f**2 + 3*f - 4. Calculate the remainder when c(-9) is divided by 17.
16
Let p be 0/(2 - (-1 + 1)). Calculate the remainder when 65 is divided by 34*(p + 1/2).
14
Suppose 0 = 2*h + 2*h + 5*y - 70, h + 3*y = 14. What is the remainder when h is divided by 7?
6
Suppose 0*p = -4*p + 12. Let l(o) = o + 11. Let d be l(-8). Let g(f) = f**3 - 2*f**2 + f - 4. Calculate the remainder when g(d) is divided by p.
2
Let i = -3 - -5. What is the remainder when 4 is divided by i?
0
Suppose -3*g = -p + 20, 7*p - 4*g - 67 = 2*p. Calculate the remainder when (1 - (-4)/(-3))*-63 is divided by p.
10
Let x = -8 + 17. Suppose -4*c - 2*l = -20, -3*c + 3*l + x = 3. What is the remainder when 7 is divided by c?
3
Let x(o) = o**3 - 4*o**2 - 2*o + 6. Let i(r) = -r**3 - r**2 + 1. Let j(f) = 2*i(f) + x(f). What is the remainder when 78 is divided by j(-6)?
18
Let u(d) = -d**2 + 8*d - 4. What is the remainder when 37 is divided by u(6)?
5
Let j be 1 + 1 - 52/4. Suppose 4*v + 0*v = -3*q + 79, -v = 2*q - 26. Calculate the remainder when 6/(j/(-5) + -2) is divided by v.
14
Let r(h) = -h - 1. Let u be r(5). Let c = 8 + u. Suppose -3*a = c*a - 60. What is the remainder when a is divided by 7?
5
What is the remainder when 66 is divided by (6/4)/(21/476)?
32
Let i be (1/(-2))/((-2)/20). Suppose -q + 160 = i*b - 5*q, 5*b + 4*q = 160. Let l = 19 - 8. Calculate the remainder when b is divided by l.
10
Let h(u) = u**3 + 6*u**2 - 5*u - 9. What is the remainder when 40 is divided by h(-6)?
19
Suppose -4*h = -108 - 16. Calculate the remainder when h is divided by 9.
4
Let n = -9 - -9. Suppose n = -3*k - k + 100. What is the remainder when 74 is divided by k?
24
Suppose 20 = 9*w - 4*w. Calculate the remainder when 6 is divided by w.
2
Let l(p) = 4*p**3 + 3*p**2 + 2*p - 2. Let g be l(-2). Let z = -4 - g. Suppose 23*i - 100 - 176 = 0. Calculate the remainder when z is divided by i.
10
Suppose -5*z - 3*b = -4*b - 92, 4*z = -b + 79. Let y = z - 11. What is the remainder when 30 is divided by y?
6
Suppose -y = -3*h - 2*y + 92, 0 = -h - y + 28. Suppose 3*r = -2*r + 3*x + 78, h = 2*r - x. What is the remainder when 70 is divided by r?
16
Suppose 3*f - 90 = -2*u, 6*f - 2*f - 4*u = 140. Calculate the remainder when 62 is divided by f.
30
Let l(d) = 8*d**2 + d. Let p be l(-3). Suppose 0*o + 3*o - p = 0. What is the remainder when o is divided by 12?
11
Let u = -4 - -26. What is the remainder when u is divided by 12?
10
Let w = -27 - -60. What is the remainder when w is divided by 7?
5
Suppose -10*y + 217 = -13. Calculate the remainder when y is divided by 2.
1
Let d(v) = -v**3 - 5*v**2 + 2*v + 5. Let t be d(-6). Suppose o + 2*s - 10 = 0, -5*o + t = s - 3. Calculate the remainder when o is divided by 10/4*16/10.
2
Let k be (5/(-5))/(1/12). Let n(j) = 2*j + 6. Let a be n(k). Let x = 30 + a. What is the remainder when 33 is divided by x?
9
Let l(y) = y + 26. What is the remainder when l(18) is divided by 16?
12
Let u = 52 - 34. Calculate the remainder when u is divided by 7.
4
Let q(m) = 12*m - 3. What is the remainder when 69 is divided by q(1)?
6
What is the remainder when 4/8*(4 - -70) is divided by 20?
17
Suppose 3*v - 5*v + 8 = 0. Suppose -l + 50 = v*l. What is the remainder when l is divided by 6?
4
Let k(h) = 32*h. Let n be k(1). Suppose -4*t + n = -0*t. What is the remainder when 14 is divided by t?
6
Suppose -5*q = 2*t + 8, 4 = -2*t + 2*q + 24. Calculate the remainder when 16 is divided by t.
4
Suppose 0*z - 5*z - 225 = -c, -4*c = 2*z + 112. Calculate the remainder when 90 is divided by z*((-12)/8 - -1).
21
Let y = 23 + -21. What is the remainder when y is divided by 2?
0
Let g = 41 + -17. What is the remainder when g is divided by 9?
6
Suppose 0*a + 1 = a, 5*a = -2*f - 37. Let z = 30 + f. Calculate the remainder when 25 is divided by z.
7
Let y = 72 + -45. Suppose -7*j = -5*j. Let m = j - -14. What is the remainder when y is divided by m?
13
Let g(c) = c**3 + c**2 - 3*c - 1. Calculate the remainder when 1 is divided by g(-2).
0
Let b be (-1 - -1) + -2 + 0. Let d be 3/b*(4 - 6). Suppose d*t - 6 = 18. What is the remainder when 15 is divided by t?
7
Let s be 6/(27/6 - 3). Suppose 5*o - 6 = s*o. Let h = 10 - -7. Calculate the remainder when h is divided by o.
5
Suppose k - 76 - 6 = 0. What is the remainder when k is divided by 17?
14
Let m(i) be the third derivative of i**6/40 - i**5/10 + i**4/4 + 2*i**3/3 + 4*i**2. Calculate the remainder when m(3) is divided by 17.
15
Let k(o) = o**3 + 4*o**2 + o + 2. Suppose -4*h + 10 = 2*l, 2*l = 5*h - 0*l - 17. Let s be (6/(h - 1))/(-1). What is the remainder when 23 is divided by k(s)?
7
Suppose -5*v - 108 = -4*p, -5*v = -8 - 12. Suppose -p - 30 = -5*y - c, 2*y - 4*c - 16 = 0. Calculate the remainder when y is divided by 5.
2
Let f(q) = q + 50. What is the remainder when f(0) is divided by 17?
16
Suppose 4 = 5*q + 9. What is the remainder when 72 is divided by (-50)/((4 - 2)*q)?
22
Suppose -15 = 5*d, 3*f + 11*d = 6*d - 6. What is the remainder when 10 is divided by f?
1
Let q = -33 - -76. What is the remainder when q is divided by 11?
10
Suppose -3*j - r + 31 = r, -4*r = -j + 1. What is the remainder when j is divided by 2/(-3) - 40/(-6)?
3
Suppose 4 - 10 = -y. What is the remainder when 10 is divided by y?
4
Suppose -4*y = -2*y - 94. Calculate the remainder when y is divided by 24.
23
Suppose -2*z + 17 + 53 = 0. Suppose -44 = -5*l + 16. What is the remainder when z is divided by l?
11
Let k(f) = f**2 + 4*f + 7. Let t be k(-2). Suppose -3*i + 2*b - 17 = 6*b, -5*i - 5*b = 30. Calculate the remainder when 12 is divided by (t - 5)*i/2.
5
What is the remainder when (-986)/(-22) + (-8)/(-44) is divided by 24?
21
Let s(r) = r**3 + 16*r**2 - r + 9. Calculate the remainder when 34 is divided by s(-16).
9
Let j(l) = -l**3 - 5*l**2 + 4*l - 7. Let u = 9 + -15. Let y be j(u). Suppose 2*v + v + 14 = -y*d, 2*d + 12 = 2*v. What is the remainder when v is divided by 2?
0
Let g = 45 + -30. What is the remainder when 29 is divided by g?
14
Let g = 231 - 159. Suppose 3*c - 4*c - 5*q = 0, -4*c - 2*q + g = 0. Suppose 0 = -3*b + b + c. What is the remainder when 19 is divided by b?
9
Let j = -4 + 3. Let s be j*(1 + -2)*6. Calculate the remainder when 7 is divided by s*(-2 - -3)/2.
1
Suppose -26 = -3*v + 1. Let m be (3/15)/(1/5). What is the remainder when 18 + -3 + m + -1 is divided by v?
6
Let v = -95 - -171. Suppose -6*c = -4*c - v. What is the remainder when c is divided by 20?
18
Let g(x) = x - 16. Let k be g(0). Let r = -12 - -39. Let f = k + r. What is the remainder when 21 is divided by f?
10
Let m(l) be the second derivative of l**5/20 + 7*l**4/6 - l**3/2 + 5*l**2/2 - 3*l. Calculate the remainder when m(-14) is divided by 12.
11
Suppose 0*l = 4*l - 636. Calculate the remainder when l is divided by 27.
24
Let g = -34 - -69. Calculate the remainder when g is divided by 11.
2
Suppose -5*h = 3*c + 3, -h + 5*c + 1 = -4. Suppose h - 38 = 2*s. Let d = s - -39. Calculate the remainder when 59 is divided by d.
19
Let t(d) = -7*d - 17. What is the remainder when 55 is divided by t(-5)?
1
Let a(w) = w**3 + 14*w**2 + 12*w - 12. Let k be a(-13). Let f(s) = 15*s - 1. What is the remainder when 39 is divided by f(k)?
11
Suppose 0 = 10*o - 3*o - 238. Calculate the remainder when 132 is divided by o.
30
Let o(b) = 2*b**2 - 8*b - 7. Suppose -5*h - 11 = c, -4*h = 5*c - 38 + 9. Calculate the remainder when o(7) is divided by c.
8
Let g(d) = -d**2 + d + 2. Let k be g(2). Suppose k = 3*c + i - 16, -41 = -3*c + 8*i - 4*i. Calculate the remainder when 20 is divided by c.
6
Let u = -13 - -22. Let b = -31 - -48. What is the re